[INFO] fetching crate kugel 0.0.2...
[INFO] checking kugel-0.0.2 against master#af3c6e733a40e671550e0f0f5aeecaa13772ba56 for pr-74989
[INFO] extracting crate kugel 0.0.2 into /workspace/builds/worker-2/source
[INFO] validating manifest of crates.io crate kugel 0.0.2 on toolchain af3c6e733a40e671550e0f0f5aeecaa13772ba56
[INFO] running `Command { std: "/workspace/cargo-home/bin/cargo" "+af3c6e733a40e671550e0f0f5aeecaa13772ba56" "read-manifest" "--manifest-path" "Cargo.toml", kill_on_drop: false }`
[INFO] started tweaking crates.io crate kugel 0.0.2
[INFO] finished tweaking crates.io crate kugel 0.0.2
[INFO] tweaked toml for crates.io crate kugel 0.0.2 written to /workspace/builds/worker-2/source/Cargo.toml
[INFO] running `Command { std: "/workspace/cargo-home/bin/cargo" "+af3c6e733a40e671550e0f0f5aeecaa13772ba56" "generate-lockfile" "--manifest-path" "Cargo.toml" "-Zno-index-update", kill_on_drop: false }`
[INFO] [stderr]     Blocking waiting for file lock on package cache
[INFO] running `Command { std: "/workspace/cargo-home/bin/cargo" "+af3c6e733a40e671550e0f0f5aeecaa13772ba56" "fetch" "--locked" "--manifest-path" "Cargo.toml", kill_on_drop: false }`
[INFO] [stderr] warning: profile `doc` is deprecated and has no effect
[INFO] running `Command { std: "docker" "create" "-v" "/var/lib/crater-agent-workspace/builds/worker-2/target:/opt/rustwide/target:rw,Z" "-v" "/var/lib/crater-agent-workspace/builds/worker-2/source:/opt/rustwide/workdir:ro,Z" "-v" "/var/lib/crater-agent-workspace/cargo-home:/opt/rustwide/cargo-home:ro,Z" "-v" "/var/lib/crater-agent-workspace/rustup-home:/opt/rustwide/rustup-home:ro,Z" "-e" "SOURCE_DIR=/opt/rustwide/workdir" "-e" "CARGO_TARGET_DIR=/opt/rustwide/target" "-e" "CARGO_HOME=/opt/rustwide/cargo-home" "-e" "RUSTUP_HOME=/opt/rustwide/rustup-home" "-w" "/opt/rustwide/workdir" "-m" "1610612736" "--user" "0:0" "--network" "none" "rustops/crates-build-env@sha256:d92eaeed33fa75130ca1ee6c8a01d1ffb62bac859dfdfb3450e3e5d1c0146529" "/opt/rustwide/cargo-home/bin/cargo" "+af3c6e733a40e671550e0f0f5aeecaa13772ba56" "metadata" "--no-deps" "--format-version=1", kill_on_drop: false }`
[INFO] [stdout] e19d7a4bad5c6da6703bb26320bf039fedb1f5d0bff97186bf27bf67268c3217
[INFO] [stderr] WARNING: Your kernel does not support swap limit capabilities or the cgroup is not mounted. Memory limited without swap.
[INFO] running `Command { std: "docker" "start" "-a" "e19d7a4bad5c6da6703bb26320bf039fedb1f5d0bff97186bf27bf67268c3217", kill_on_drop: false }`
[INFO] running `Command { std: "docker" "inspect" "e19d7a4bad5c6da6703bb26320bf039fedb1f5d0bff97186bf27bf67268c3217", kill_on_drop: false }`
[INFO] running `Command { std: "docker" "rm" "-f" "e19d7a4bad5c6da6703bb26320bf039fedb1f5d0bff97186bf27bf67268c3217", kill_on_drop: false }`
[INFO] [stdout] e19d7a4bad5c6da6703bb26320bf039fedb1f5d0bff97186bf27bf67268c3217
[INFO] running `Command { std: "docker" "create" "-v" "/var/lib/crater-agent-workspace/builds/worker-2/target:/opt/rustwide/target:rw,Z" "-v" "/var/lib/crater-agent-workspace/builds/worker-2/source:/opt/rustwide/workdir:ro,Z" "-v" "/var/lib/crater-agent-workspace/cargo-home:/opt/rustwide/cargo-home:ro,Z" "-v" "/var/lib/crater-agent-workspace/rustup-home:/opt/rustwide/rustup-home:ro,Z" "-e" "SOURCE_DIR=/opt/rustwide/workdir" "-e" "CARGO_TARGET_DIR=/opt/rustwide/target" "-e" "CARGO_INCREMENTAL=0" "-e" "RUST_BACKTRACE=full" "-e" "RUSTFLAGS=--cap-lints=forbid" "-e" "CARGO_HOME=/opt/rustwide/cargo-home" "-e" "RUSTUP_HOME=/opt/rustwide/rustup-home" "-w" "/opt/rustwide/workdir" "-m" "1610612736" "--user" "0:0" "--network" "none" "rustops/crates-build-env@sha256:d92eaeed33fa75130ca1ee6c8a01d1ffb62bac859dfdfb3450e3e5d1c0146529" "/opt/rustwide/cargo-home/bin/cargo" "+af3c6e733a40e671550e0f0f5aeecaa13772ba56" "check" "--frozen" "--all" "--all-targets" "--message-format=json", kill_on_drop: false }`
[INFO] [stdout] 83d3c1fc2ab96f1f29a2efb061e356a35cf0a1c06f69d5d15e9c22ef71f54406
[INFO] [stderr] WARNING: Your kernel does not support swap limit capabilities or the cgroup is not mounted. Memory limited without swap.
[INFO] running `Command { std: "docker" "start" "-a" "83d3c1fc2ab96f1f29a2efb061e356a35cf0a1c06f69d5d15e9c22ef71f54406", kill_on_drop: false }`
[INFO] [stderr] warning: profile `doc` is deprecated and has no effect
[INFO] [stderr]    Compiling khronos_api v3.1.0
[INFO] [stderr]    Compiling xml-rs v0.8.3
[INFO] [stderr]     Checking cfg-if v0.1.10
[INFO] [stderr]    Compiling log v0.4.11
[INFO] [stderr]    Compiling gl_generator v0.14.0
[INFO] [stderr]    Compiling gl v0.14.0
[INFO] [stderr]     Checking kugel v0.0.2 (/opt/rustwide/workdir)
[INFO] [stdout] error[E0658]: negative trait bounds are not yet fully implemented; use marker types for now
[INFO] [stdout]   --> src/context/mod.rs:16:6
[INFO] [stdout]    |
[INFO] [stdout] 16 | impl !Send for Context {}
[INFO] [stdout]    |      ^^^^^
[INFO] [stdout]    |
[INFO] [stdout]    = note: see issue #68318 <https://github.com/rust-lang/rust/issues/68318> for more information
[INFO] [stdout]    = help: add `#![feature(negative_impls)]` to the crate attributes to enable
[INFO] [stdout] 
[INFO] [stdout] 
[INFO] [stdout] error[E0658]: negative trait bounds are not yet fully implemented; use marker types for now
[INFO] [stdout]   --> src/context/mod.rs:16:6
[INFO] [stdout]    |
[INFO] [stdout] 16 | impl !Send for Context {}
[INFO] [stdout]    |      ^^^^^
[INFO] [stdout]    |
[INFO] [stdout]    = note: see issue #68318 <https://github.com/rust-lang/rust/issues/68318> for more information
[INFO] [stdout]    = help: add `#![feature(negative_impls)]` to the crate attributes to enable
[INFO] [stdout] 
[INFO] [stdout] 
[INFO] [stdout] error[E0277]: the size for values of type `Self` cannot be known at compilation time
[INFO] [stdout]    --> src/shader.rs:181:61
[INFO] [stdout]     |
[INFO] [stdout] 181 |     fn param_from_shader(shader: &Shader, pname: GLenum) -> Result<Self, Self::Err>;
[INFO] [stdout]     |                                                             ^^^^^^^^^^^^^^^^^^^^^^^ doesn't have a size known at compile-time
[INFO] [stdout]     |
[INFO] [stdout] help: consider further restricting `Self`
[INFO] [stdout]     |
[INFO] [stdout] 181 |     fn param_from_shader(shader: &Shader, pname: GLenum) -> Result<Self, Self::Err> where Self: Sized;
[INFO] [stdout]     |                                                                                     ^^^^^^^^^^^^^^^^^
[INFO] [stdout] 
[INFO] [stdout] 
[INFO] [stdout] error[E0277]: the size for values of type `Self` cannot be known at compilation time
[INFO] [stdout]    --> src/shader.rs:181:61
[INFO] [stdout]     |
[INFO] [stdout] 181 |     fn param_from_shader(shader: &Shader, pname: GLenum) -> Result<Self, Self::Err>;
[INFO] [stdout]     |                                                             ^^^^^^^^^^^^^^^^^^^^^^^ doesn't have a size known at compile-time
[INFO] [stdout]     |
[INFO] [stdout] help: consider further restricting `Self`
[INFO] [stdout]     |
[INFO] [stdout] 181 |     fn param_from_shader(shader: &Shader, pname: GLenum) -> Result<Self, Self::Err> where Self: Sized;
[INFO] [stdout]     |                                                                                     ^^^^^^^^^^^^^^^^^
[INFO] [stdout] 
[INFO] [stdout] 
[INFO] [stdout] error[E0277]: the size for values of type `Self` cannot be known at compilation time
[INFO] [stdout]    --> src/program.rs:247:64
[INFO] [stdout]     |
[INFO] [stdout] 247 |     fn param_from_program(program: &Program, pname: GLenum) -> Result<Self, Self::Err>;
[INFO] [stdout]     |                                                                ^^^^^^^^^^^^^^^^^^^^^^^ doesn't have a size known at compile-time
[INFO] [stdout]     |
[INFO] [stdout] help: consider further restricting `Self`
[INFO] [stdout]     |
[INFO] [stdout] 247 |     fn param_from_program(program: &Program, pname: GLenum) -> Result<Self, Self::Err> where Self: Sized;
[INFO] [stdout]     |                                                                                        ^^^^^^^^^^^^^^^^^
[INFO] [stdout] 
[INFO] [stdout] 
[INFO] [stdout] error[E0277]: the size for values of type `Self` cannot be known at compilation time
[INFO] [stdout]    --> src/program.rs:247:64
[INFO] [stdout]     |
[INFO] [stdout] 247 |     fn param_from_program(program: &Program, pname: GLenum) -> Result<Self, Self::Err>;
[INFO] [stdout]     |                                                                ^^^^^^^^^^^^^^^^^^^^^^^ doesn't have a size known at compile-time
[INFO] [stdout]     |
[INFO] [stdout] help: consider further restricting `Self`
[INFO] [stdout]     |
[INFO] [stdout] 247 |     fn param_from_program(program: &Program, pname: GLenum) -> Result<Self, Self::Err> where Self: Sized;
[INFO] [stdout]     |                                                                                        ^^^^^^^^^^^^^^^^^
[INFO] [stdout] 
[INFO] [stdout] 
[INFO] [stdout] error: aborting due to 3 previous errors
[INFO] [stdout] 
[INFO] [stdout] 
[INFO] [stdout] Some errors have detailed explanations: E0277, E0658.
[INFO] [stdout] 
[INFO] [stdout] For more information about an error, try `rustc --explain E0277`.
[INFO] [stdout] 
[INFO] [stderr] error: could not compile `kugel`.
[INFO] [stderr] 
[INFO] [stderr] To learn more, run the command again with --verbose.
[INFO] [stderr] warning: build failed, waiting for other jobs to finish...
[INFO] [stdout] error: aborting due to 3 previous errors
[INFO] [stdout] 
[INFO] [stdout] 
[INFO] [stdout] Some errors have detailed explanations: E0277, E0658.
[INFO] [stdout] 
[INFO] [stdout] For more information about an error, try `rustc --explain E0277`.
[INFO] [stdout] 
[INFO] [stderr] error: build failed
[INFO] running `Command { std: "docker" "inspect" "83d3c1fc2ab96f1f29a2efb061e356a35cf0a1c06f69d5d15e9c22ef71f54406", kill_on_drop: false }`
[INFO] running `Command { std: "docker" "rm" "-f" "83d3c1fc2ab96f1f29a2efb061e356a35cf0a1c06f69d5d15e9c22ef71f54406", kill_on_drop: false }`
[INFO] [stdout] 83d3c1fc2ab96f1f29a2efb061e356a35cf0a1c06f69d5d15e9c22ef71f54406
